{"id":433,"date":"2025-09-08T16:14:00","date_gmt":"2025-09-08T14:14:00","guid":{"rendered":"http:\/\/cascena.pl\/?page_id=433"},"modified":"2025-09-08T16:36:02","modified_gmt":"2025-09-08T14:36:02","slug":"taniec-jazz","status":"publish","type":"page","link":"http:\/\/cascena.pl\/?page_id=433","title":{"rendered":"Taniec &#8211; Jazz"},"content":{"rendered":"<p>[et_pb_section fb_built=&#8221;1&#8243; admin_label=&#8221;Header&#8221; _builder_version=&#8221;4.21.0&#8243; background_enable_color=&#8221;off&#8221; background_image=&#8221;http:\/\/cascena.pl\/wp-content\/uploads\/2025\/08\/490534797_1208092657991800_3150449436653411433_n-1.jpg&#8221; background_size=&#8221;stretch&#8221; custom_padding=&#8221;0px||0px||true|false&#8221; locked=&#8221;off&#8221; global_colors_info=&#8221;{}&#8221;][et_pb_row custom_padding_last_edited=&#8221;on|phone&#8221; _builder_version=&#8221;4.16&#8243; background_color=&#8221;#ffffff&#8221; custom_padding=&#8221;60px|60px|0px|60px|false|true&#8221; custom_padding_tablet=&#8221;&#8221; custom_padding_phone=&#8221;|30px||30px|false|true&#8221; global_colors_info=&#8221;{}&#8221;][et_pb_column type=&#8221;4_4&#8243; _builder_version=&#8221;4.16&#8243; global_colors_info=&#8221;{}&#8221;][et_pb_text _builder_version=&#8221;4.21.0&#8243; text_font_size=&#8221;16px&#8221; text_line_height=&#8221;1.8em&#8221; header_font=&#8221;Inria Serif|700|||||||&#8221; header_text_color=&#8221;#000000&#8243; header_font_size=&#8221;70px&#8221; header_line_height=&#8221;1.2em&#8221; z_index=&#8221;1&#8243; max_width=&#8221;800px&#8221; custom_margin=&#8221;||||false|false&#8221; text_font_size_tablet=&#8221;&#8221; text_font_size_phone=&#8221;14px&#8221; text_font_size_last_edited=&#8221;on|phone&#8221; header_font_size_tablet=&#8221;51px&#8221; header_font_size_phone=&#8221;43px&#8221; header_font_size_last_edited=&#8221;on|phone&#8221; locked=&#8221;off&#8221; global_colors_info=&#8221;{}&#8221;]<\/p>\n<h1>Taniec Jazz<\/h1>\n<p>[\/et_pb_text][\/et_pb_column][\/et_pb_row][et_pb_row column_structure=&#8221;1_2,1_2&#8243; custom_padding_last_edited=&#8221;on|desktop&#8221; _builder_version=&#8221;4.16&#8243; background_color=&#8221;#ffffff&#8221; custom_padding=&#8221;|60px|50px|60px|false|true&#8221; custom_padding_tablet=&#8221;||||false|true&#8221; custom_padding_phone=&#8221;|30px||30px|false|true&#8221; global_colors_info=&#8221;{}&#8221;][et_pb_column type=&#8221;1_2&#8243; _builder_version=&#8221;4.16&#8243; global_colors_info=&#8221;{}&#8221;][et_pb_text _builder_version=&#8221;4.21.0&#8243; text_font=&#8221;Inria Serif||||||||&#8221; text_font_size=&#8221;16px&#8221; text_line_height=&#8221;1.8em&#8221; header_font=&#8221;Inria Serif|700|||||||&#8221; header_text_color=&#8221;#000000&#8243; header_font_size=&#8221;70px&#8221; header_line_height=&#8221;1.2em&#8221; max_width=&#8221;800px&#8221; custom_margin=&#8221;||||false|false&#8221; text_font_size_tablet=&#8221;&#8221; text_font_size_phone=&#8221;14px&#8221; text_font_size_last_edited=&#8221;on|phone&#8221; header_font_size_tablet=&#8221;48px&#8221; header_font_size_phone=&#8221;24px&#8221; header_font_size_last_edited=&#8221;on|phone&#8221; locked=&#8221;off&#8221; global_colors_info=&#8221;{}&#8221;]<\/p>\n<p data-start=\"285\" data-end=\"592\"><span style=\"color: #000000;\"><strong>Taniec jazzowy to jedna z najpopularniejszych form ta\u0144ca scenicznego, kt\u00f3ra w atrakcyjny spos\u00f3b \u0142\u0105czy elementy baletu, modern dance oraz ta\u0144ca estradowego. To doskona\u0142y wyb\u00f3r dla dzieci w wieku szkolnym, kt\u00f3re chc\u0105 nie tylko dobrze si\u0119 bawi\u0107, ale r\u00f3wnie\u017c rozwija\u0107 swoje umiej\u0119tno\u015bci ruchowe i artystyczne.<\/strong><\/span><\/p>\n<p data-start=\"594\" data-end=\"617\"><span style=\"color: #000000;\">Podczas zaj\u0119\u0107 dzieci:<\/span><\/p>\n<ul data-start=\"618\" data-end=\"946\">\n<li data-start=\"618\" data-end=\"678\">\n<p data-start=\"620\" data-end=\"678\"><span style=\"color: #000000;\">doskonal\u0105 <strong data-start=\"630\" data-end=\"675\">koordynacj\u0119, sprawno\u015b\u0107 i \u015bwiadomo\u015b\u0107 cia\u0142a<\/strong>,<\/span><\/p>\n<\/li>\n<li data-start=\"679\" data-end=\"761\">\n<p data-start=\"681\" data-end=\"761\"><span style=\"color: #000000;\">ucz\u0105 si\u0119 techniki ta\u0144ca jazzowego, pracy nad lini\u0105, dynamik\u0105 i precyzj\u0105 ruchu,<\/span><\/p>\n<\/li>\n<li data-start=\"762\" data-end=\"809\">\n<p data-start=\"764\" data-end=\"809\"><span style=\"color: #000000;\">rozwijaj\u0105 <strong data-start=\"774\" data-end=\"806\">gibko\u015b\u0107, si\u0142\u0119 i wytrzyma\u0142o\u015b\u0107<\/strong>,<\/span><\/p>\n<\/li>\n<li data-start=\"810\" data-end=\"887\">\n<p data-start=\"812\" data-end=\"887\"><span style=\"color: #000000;\">pracuj\u0105 nad ekspresj\u0105, interpretacj\u0105 muzyki i sceniczn\u0105 pewno\u015bci\u0105 siebie,<\/span><\/p>\n<\/li>\n<li data-start=\"888\" data-end=\"946\">\n<p data-start=\"890\" data-end=\"946\"><span style=\"color: #000000;\">ucz\u0105 si\u0119 choreografii dopasowanych do poziomu i wieku.<\/span><\/p>\n<\/li>\n<\/ul>\n<p data-start=\"948\" data-end=\"1185\"><span style=\"color: #000000;\">Taniec jazzowy uczy dyscypliny i systematyczno\u015bci, a jednocze\u015bnie daje przestrze\u0144 na tw\u00f3rcz\u0105 ekspresj\u0119. To \u015bwietna baza dla dalszego rozwoju w r\u00f3\u017cnych stylach tanecznych, a tak\u017ce solidne przygotowanie do wyst\u0119p\u00f3w i pokaz\u00f3w scenicznych.<\/span><\/p>\n<p data-start=\"1187\" data-end=\"1332\"><span style=\"color: #000000;\">\ud83d\udc49 Je\u015bli szukasz zaj\u0119\u0107, kt\u00f3re po\u0142\u0105cz\u0105 ruch, muzyk\u0119 i profesjonalne podej\u015bcie do rozwoju Twojego dziecka \u2013 taniec jazzowy to najlepszy kierunek.<\/span><\/p>\n<p data-start=\"296\" data-end=\"312\"><strong><span style=\"color: #000000;\"><span style=\"caret-color: #000000;\">Instruktor: Nadia Balcewicz<\/span><\/span><span style=\"color: #000000;\"><span style=\"caret-color: #000000;\"><\/span><\/span><span style=\"color: #000000;\"><span style=\"caret-color: #000000;\"> <\/span><\/span><\/strong><\/p>\n<p data-start=\"296\" data-end=\"312\"><strong><em><span style=\"color: #000000;\">Zacz\u0119\u0142a ta\u0144czy\u0107 jako 4-latka w studiu Warszawskiej Szko\u0142y Baletowej jednak najwi\u0119ksz\u0105 pasj\u0119 znalaz\u0142a w ta\u0144cu jazzowym. Ostatnie 5 lat nale\u017ca\u0142a do Warsztatowej Akademii Musicalowej, gra\u0142a w wielu musicalach w teatrze WAM, m.in. np nagrodzonym spektaklu Fair Play, czy w teatrze muzycznym Roma. Doskonali technik\u0119 w warszawskich klubach oraz w Broadway Dance Center w Nowym Jorku. Od kilku lat mieszkaa w Sulej\u00f3wku.<\/span><\/em><\/strong><\/p>\n<p>[\/et_pb_text][\/et_pb_column][et_pb_column type=&#8221;1_2&#8243; _builder_version=&#8221;4.16&#8243; global_colors_info=&#8221;{}&#8221;][et_pb_image src=&#8221;http:\/\/cascena.pl\/wp-content\/uploads\/2025\/09\/unnamed-7.jpg&#8221; title_text=&#8221;Screenshot&#8221; _builder_version=&#8221;4.21.0&#8243; _module_preset=&#8221;default&#8221; global_colors_info=&#8221;{}&#8221;][\/et_pb_image][\/et_pb_column][\/et_pb_row][\/et_pb_section][et_pb_section fb_built=&#8221;1&#8243; _builder_version=&#8221;4.21.0&#8243; _module_preset=&#8221;default&#8221; background_color=&#8221;#F8D3F7&#8243; global_colors_info=&#8221;{}&#8221;][et_pb_row column_structure=&#8221;2_5,3_5&#8243; _builder_version=&#8221;4.21.0&#8243; _module_preset=&#8221;default&#8221; background_color=&#8221;#FFFFFF&#8221; box_shadow_style=&#8221;preset1&#8243; global_colors_info=&#8221;{}&#8221;][et_pb_column type=&#8221;2_5&#8243; _builder_version=&#8221;4.21.0&#8243; _module_preset=&#8221;default&#8221; global_colors_info=&#8221;{}&#8221;][et_pb_image src=&#8221;http:\/\/cascena.pl\/wp-content\/uploads\/2025\/09\/unnamed-3.jpg&#8221; title_text=&#8221;Screenshot&#8221; _builder_version=&#8221;4.21.0&#8243; _module_preset=&#8221;default&#8221; global_colors_info=&#8221;{}&#8221;][\/et_pb_image][\/et_pb_column][et_pb_column type=&#8221;3_5&#8243; _builder_version=&#8221;4.21.0&#8243; _module_preset=&#8221;default&#8221; global_colors_info=&#8221;{}&#8221;][et_pb_text _builder_version=&#8221;4.21.0&#8243; _module_preset=&#8221;default&#8221; header_font=&#8221;Inria Serif|700|||||||&#8221; global_colors_info=&#8221;{}&#8221;]<\/p>\n<h1>Taniec Jazzowy (7-10 lat)<\/h1>\n<p>[\/et_pb_text][et_pb_text _builder_version=&#8221;4.21.0&#8243; _module_preset=&#8221;default&#8221; text_font=&#8221;Inria Serif|700|||||||&#8221; text_font_size=&#8221;16px&#8221; global_colors_info=&#8221;{}&#8221;]<\/p>\n<p><span style=\"color: #000000;\">Zaj\u0119cia ta\u0144ca jazzowego<\/span><\/p>\n<p><strong><span style=\"color: #000000;\">Pi\u0105tki: 16:30-17:15<\/span><\/strong><\/p>\n<p><strong><span style=\"color: #000000;\">cena: 180 z\u0142\/mc<\/span><\/strong><\/p>\n<p><strong><span style=\"color: #000000;\">instruktor: Nadia Balcewicz\u00a0<\/span><\/strong><\/p>\n<p>[\/et_pb_text][et_pb_button button_url=&#8221;https:\/\/docs.google.com\/forms\/d\/e\/1FAIpQLSdR99bStzhkSIR5wNp5-BgIjg0Sp9vxNVJoXMXY89MTNK-Faw\/viewform?usp=header&#8221; button_text=&#8221;Zapisuj\u0119 si\u0119!&#8221; _builder_version=&#8221;4.21.0&#8243; _dynamic_attributes=&#8221;button_url&#8221; _module_preset=&#8221;8184cb9b-42f7-4818-81ef-c140a1978c04&#8243; custom_button=&#8221;on&#8221; button_text_size=&#8221;14px&#8221; button_text_color=&#8221;#000000&#8243; button_bg_color=&#8221;#EDF000&#8243; button_border_width=&#8221;0px&#8221; button_border_radius=&#8221;88px&#8221; button_font=&#8221;Lato|900|||||||&#8221; button_icon=&#8221;&#x45;||divi||400&#8243; custom_padding=&#8221;14px|24px|14px|24px|true|true&#8221; custom_padding_tablet=&#8221;&#8221; custom_padding_phone=&#8221;|30px||30px|true|true&#8221; custom_padding_last_edited=&#8221;on|phone&#8221; button_text_size_tablet=&#8221;16px&#8221; button_text_size_phone=&#8221;14px&#8221; button_text_size_last_edited=&#8221;on|desktop&#8221; global_colors_info=&#8221;{}&#8221;][\/et_pb_button][\/et_pb_column][\/et_pb_row][\/et_pb_section][et_pb_section fb_built=&#8221;1&#8243; _builder_version=&#8221;4.21.0&#8243; _module_preset=&#8221;default&#8221; background_color=&#8221;#F8D3F7&#8243; global_colors_info=&#8221;{}&#8221;][et_pb_row column_structure=&#8221;2_5,3_5&#8243; _builder_version=&#8221;4.21.0&#8243; _module_preset=&#8221;default&#8221; background_color=&#8221;#FFFFFF&#8221; box_shadow_style=&#8221;preset1&#8243; global_colors_info=&#8221;{}&#8221;][et_pb_column type=&#8221;2_5&#8243; _builder_version=&#8221;4.21.0&#8243; _module_preset=&#8221;default&#8221; global_colors_info=&#8221;{}&#8221;][et_pb_image src=&#8221;http:\/\/cascena.pl\/wp-content\/uploads\/2025\/09\/unnamed-5.jpg&#8221; title_text=&#8221;Screenshot&#8221; _builder_version=&#8221;4.21.0&#8243; _module_preset=&#8221;default&#8221; global_colors_info=&#8221;{}&#8221;][\/et_pb_image][\/et_pb_column][et_pb_column type=&#8221;3_5&#8243; _builder_version=&#8221;4.21.0&#8243; _module_preset=&#8221;default&#8221; global_colors_info=&#8221;{}&#8221;][et_pb_text _builder_version=&#8221;4.21.0&#8243; _module_preset=&#8221;default&#8221; header_font=&#8221;Inria Serif|700|||||||&#8221; global_colors_info=&#8221;{}&#8221;]<\/p>\n<h1>Taniec Jazzowy (11-14 lat)<\/h1>\n<p>[\/et_pb_text][et_pb_text _builder_version=&#8221;4.21.0&#8243; _module_preset=&#8221;default&#8221; text_font=&#8221;Inria Serif|700|||||||&#8221; text_font_size=&#8221;16px&#8221; global_colors_info=&#8221;{}&#8221;]<\/p>\n<p><span style=\"color: #000000;\">Zaj\u0119cia ta\u0144ca jazzowego.<\/span><\/p>\n<p><strong><span style=\"color: #000000;\">Pi\u0105tki: 17:15-18:00<\/span><\/strong><\/p>\n<p><strong><span style=\"color: #000000;\">cena: 180 z\u0142\/mc<\/span><\/strong><\/p>\n<p><strong><span style=\"color: #000000;\">instruktor: Nadia Balcewicz\u00a0<\/span><\/strong><\/p>\n<p>[\/et_pb_text][et_pb_button button_url=&#8221;https:\/\/docs.google.com\/forms\/d\/e\/1FAIpQLSdR99bStzhkSIR5wNp5-BgIjg0Sp9vxNVJoXMXY89MTNK-Faw\/viewform?usp=header&#8221; button_text=&#8221;Zapisuj\u0119 si\u0119!&#8221; _builder_version=&#8221;4.21.0&#8243; _dynamic_attributes=&#8221;button_url&#8221; _module_preset=&#8221;8184cb9b-42f7-4818-81ef-c140a1978c04&#8243; custom_button=&#8221;on&#8221; button_text_size=&#8221;14px&#8221; button_text_color=&#8221;#000000&#8243; button_bg_color=&#8221;#EDF000&#8243; button_border_width=&#8221;0px&#8221; button_border_radius=&#8221;88px&#8221; button_font=&#8221;Lato|900|||||||&#8221; button_icon=&#8221;&#x45;||divi||400&#8243; custom_padding=&#8221;14px|24px|14px|24px|true|true&#8221; custom_padding_tablet=&#8221;&#8221; custom_padding_phone=&#8221;|30px||30px|true|true&#8221; custom_padding_last_edited=&#8221;on|phone&#8221; button_text_size_tablet=&#8221;16px&#8221; button_text_size_phone=&#8221;14px&#8221; button_text_size_last_edited=&#8221;on|desktop&#8221; global_colors_info=&#8221;{}&#8221;][\/et_pb_button][\/et_pb_column][\/et_pb_row][\/et_pb_section][et_pb_section fb_built=&#8221;1&#8243; _builder_version=&#8221;4.21.0&#8243; _module_preset=&#8221;default&#8221; background_color=&#8221;#F8D3F7&#8243; global_colors_info=&#8221;{}&#8221;][\/et_pb_section]<\/p>\n","protected":false},"excerpt":{"rendered":"<p>Taniec JazzTaniec jazzowy to jedna z najpopularniejszych form ta\u0144ca scenicznego, kt\u00f3ra w atrakcyjny spos\u00f3b \u0142\u0105czy elementy baletu, modern dance oraz ta\u0144ca estradowego. To doskona\u0142y wyb\u00f3r dla dzieci w wieku szkolnym, kt\u00f3re chc\u0105 nie tylko dobrze si\u0119 bawi\u0107, ale r\u00f3wnie\u017c rozwija\u0107 swoje umiej\u0119tno\u015bci ruchowe i artystyczne. Podczas zaj\u0119\u0107 dzieci: doskonal\u0105 koordynacj\u0119, sprawno\u015b\u0107 i \u015bwiadomo\u015b\u0107 cia\u0142a, ucz\u0105 [&hellip;]<\/p>\n","protected":false},"author":1,"featured_media":0,"parent":0,"menu_order":0,"comment_status":"closed","ping_status":"closed","template":"","meta":{"_et_pb_use_builder":"on","_et_pb_old_content":"","_et_gb_content_width":"","footnotes":""},"class_list":["post-433","page","type-page","status-publish","hentry"],"_links":{"self":[{"href":"http:\/\/cascena.pl\/index.php?rest_route=\/wp\/v2\/pages\/433","targetHints":{"allow":["GET"]}}],"collection":[{"href":"http:\/\/cascena.pl\/index.php?rest_route=\/wp\/v2\/pages"}],"about":[{"href":"http:\/\/cascena.pl\/index.php?rest_route=\/wp\/v2\/types\/page"}],"author":[{"embeddable":true,"href":"http:\/\/cascena.pl\/index.php?rest_route=\/wp\/v2\/users\/1"}],"replies":[{"embeddable":true,"href":"http:\/\/cascena.pl\/index.php?rest_route=%2Fwp%2Fv2%2Fcomments&post=433"}],"version-history":[{"count":5,"href":"http:\/\/cascena.pl\/index.php?rest_route=\/wp\/v2\/pages\/433\/revisions"}],"predecessor-version":[{"id":447,"href":"http:\/\/cascena.pl\/index.php?rest_route=\/wp\/v2\/pages\/433\/revisions\/447"}],"wp:attachment":[{"href":"http:\/\/cascena.pl\/index.php?rest_route=%2Fwp%2Fv2%2Fmedia&parent=433"}],"curies":[{"name":"wp","href":"https:\/\/api.w.org\/{rel}","templated":true}]}}